a is divided by u(-9)?
14
Let x(g) = -2*g**2 + 6*g. Let j be x(3). Calculate the remainder when 0 + 24 - j - 2 is divided by 12.
10
Suppose 5*q - 26 = -41, -3*n = -3*q - 69. What is the remainder when 29 is divided by n?
9
Suppose k = -4*x + 26, 0 = -0*k - k + x + 11. What is the remainder when k is divided by (-2)/(-8) - (-1590)/424?
2
Suppose 37*s = -40*s + 28952. What is the remainder when s is divided by 42?
40
Let b be 1/2 + (-8)/(-16). Calculate the remainder when (-29)/((0 - (0 - -1))*b) is divided by 156/10 + 8/20.
13
Let p = 77 + -7. Suppose 2*x + 9 = 3*w + 28, -w = -x + 9. Calculate the remainder when p is divided by x.
6
Let g = -8 - 7. Let o(r) = -r**3 - r**2 + 46. Calculate the remainder when o(0) is divided by 116*(-2)/(-20) - 6/g.
10
Suppose 0 = 12*t + 16 + 8. Calculate the remainder when 22/(3/t - (-91)/26) is divided by 4.
3
Let s(l) = -5*l + 219. What is the remainder when s(5) is divided by 6?
2
Let h be (-13)/(-5) - 2/(-5). Let x = 26 + -24. Calculate the remainder when h - (4 - 3)*-2 is divided by x.
1
Let b be ((-195)/52)/(6/32). What is the remainder when 19 is divided by (-37)/(-5) - b/(-50)?
5
Let y be (-164)/52 - 2/(-13). Let k(b) = -10*b - 1. What is the remainder when 84 is divided by k(y)?
26
Suppose -4*k - 9 = -73. Calculate the remainder when ((-6)/(-4))/((-3)/(-186)) is divided by k.
13
What is the remainder when 56 is divided by (-374)/(-16) + 87/(-232)?
10
Suppose 15*z - 106 = 479. Calculate the remainder when 75 is divided by z.
36
Let g be 0/2 + (2 - 19). Let q = 27 + g. What is the remainder when 37 is divided by q?
7
Let c(x) = -2*x + 11. Suppose -11 = -2*w - 3*f, 0*w = 2*w + 2*f - 16. Let o = w - 13. What is the remainder when c(o) is divided by 3?
2
Suppose -1 + 4 = 4*f + l, 0 = 4*l + 20. Let g = 1 + -19. Let i = g - -23. Calculate the remainder when i is divided by f.
1
Suppose -13 + 103 = 5*p. Calculate the remainder when 16 + 1 + 6*(-6)/p is divided by 8.
7
Let z(t) = 10*t - 119. Let r = 22 - 2. What is the remainder when z(17) is divided by r?
11
Let g(s) = 24*s - 861. What is the remainder when 77 is divided by g(38)?
26
Let x(f) = 3*f**2 - 8*f - 3. Let n(z) = z**3 - 6*z**2 + 4*z + 1. Let q be n(5). Calculate the remainder when x(q) is divided by 16.
13
Let c(i) = -i**2 - 2*i + 25. Suppose 2*v = 4*f + 7*v - 117, 0 = -4*f + v + 135. What is the remainder when f is divided by c(-4)?
16
Suppose 3*o + a - 56 = 0, 2*o - 3*o + 18 = a. Let l be (-1)/(-2)*(o - 9). Suppose 0 = i - 8 - l. Calculate the remainder when 37 is divided by i.
11
Let u(s) = 52*s**2 + 3*s + 2. Let g be u(-1). Suppose 2*x + 61 = 3*y, -3*y = -0*y + 3*x - g. What is the remainder when 75 is divided by y?
18
Suppose 123*n + 450 = 125*n. What is the remainder when n is divided by 55?
5
Let w(l) = l + 26. Calculate the remainder when 70 is divided by w(-8).
16
Let n be (4/8)/((-3)/(-78)). Let j(u) = -2*u**3 + 13*u**2 + 2*u**3 + 2*u**3 - 3 + u - 3*u**3. What is the remainder when 27 is divided by j(n)?
7
Let u = 112 + -73. Calculate the remainder when 42 is divided by u.
3
Let m(o) = o**3 - 16*o**2 + 40*o + 58. What is the remainder when 153 is divided by m(13)?
11
Let q(o) = -o**2 - 6*o + 17. Let g be q(-8). What is the remainder when 163 is divided by g*((-135)/(-3) - 4)?
40
Let z(r) = 9*r**2 - 9*r - 30. What is the remainder when z(-3) is divided by 8?
6
Let z = 0 + 12. Suppose -7 = 2*a - 1, -5*a = 3*q + 30. What is the remainder when (-452)/(-10) + 1/q is divided by z?
9
Suppose -4*x = -0 - 4, 4*n - 132 = 4*x. Let f(p) = p**3 - 2*p**2 - p - 4. What is the remainder when f(4) is divided by (-1 + -6)/((-17)/n)?
10
Let c(y) = y**3 - y + 7. Let s be c(0). Let b = s - -8. Suppose 2*v - 17 - b = 0. Calculate the remainder when 46 is divided by v.
14
Let d be 2 + (141 - 8/(-4)). Let p = d - 50. Calculate the remainder when p is divided by 8.
7
Let g = 59 - 41. Let c = 108 - 59. Suppose -86*j + 85*j + c = 0. Calculate the remainder when j is divided by g.
13
Let f = -80 + 82. Suppose 0 = r - 0*r + 5*m - 4, -5*r = 4*m - 83. What is the remainder when r is divided by 4 - (3*-2*1)/f?
5
Suppose 2*q - q - 16 = -3*j, -5*j - 3*q = -20. Suppose 5*h + 35 = 5*n, 0*n + n - 2*h = j. Calculate the remainder when 12/16*4 + 17 is divided by n.
6
Suppose 0 = -12*q + 130 + 182. Suppose -4*y + 2*y = -30. Suppose -15 = -3*z + y. Calculate the remainder when q is divided by z.
6
Let k(a) = 0 - 1 + 3*a**3 + a - 8*a**2 + 6*a - 4*a**3. Calculate the remainder when 25 is divided by k(-9).
8
Let l = 38 - 12. Let k = l - -1. Calculate the remainder when k is divided by 8.
3
Let m(w) = w + 9. What is the remainder when 233/8 + (-7)/56 is divided by m(7)?
13
Let i(h) = -23*h**3 - 3*h**2 + 11*h + 13. What is the remainder when 84 is divided by i(-1)?
18
Suppose 7008 + 13299 = 21*t. Calculate the remainder when t is divided by 19.
17
Let y(c) = -c**2 - 33*c + 57. Calculate the remainder when 250 is divided by y(-34).
20
Let l(h) = -h**3 - h + 4. Let r be l(0). Suppose q = -2*o + 34, -3*q + 0*q - r*o = -106. What is the remainder when q is divided by 20?
18
Let i = -57 - -59. Suppose 2*x + 2*x = i*s + 130, x = 3*s + 25. What is the remainder when 135 is divided by x?
33
Let v be -12*((-33)/(-12) + -2). What is the remainder when (-4 - v) + -4 - -15 is divided by 16?
0
Suppose -3*z + 97 = 2*w, 3*w - 6*w = -4*z + 152. Let k = z + -21. What is the remainder when 81 is divided by k?
11
Suppose -5*f + 134 + 121 = 0. Suppose -297 = -4*o + f. Calculate the remainder when o is divided by 18.
15
Suppose k + 1819 = 5*x, -1105 = -3*x + 77*k - 73*k. What is the remainder when x is divided by 14?
13
Suppose 4*p = 4*i + 364, -332 = -4*p - 43*i + 39*i. What is the remainder when p is divided by 4?
3
Let r(h) = h**3 + 15*h**2 - h + 26. Calculate the remainder when r(-7) is divided by 86.
81
Suppose -2*y + 0 + 6 = 0. Let a(i) = i**y + 35 + 44 + 7*i - 6*i. Calculate the remainder when a(0) is divided by 20.
19
Let h(b) = 3*b - 10. Let q be h(5). Suppose 981 = -2*s + q*s. Suppose -5*u - 32 + s = 0. What is the remainder when u is divided by 20?
19
Let p(i) = 32*i**2 - i. Let a be p(-1). Let s = a + -29. Suppose -w = -3*k - 29, s*k - 4 + 37 = w. Calculate the remainder when w is divided by 8.
1
Calculate the remainder when -1 - -3 - (-19 - (-3 + 4)) is divided by 13.
9
Let r(g) be the first derivative of -g**2/2 + 46*g - 19. What is the remainder when r(-11) is divided by 20?
17
Let u(q) = -7*q**3 - 6*q**3 - 3*q + 2*q**2 - 2 + 14*q**3 - 3*q**2. Let a(w) = 4*w + 2. What is the remainder when a(6) is divided by u(3)?
5
Let r = -951 - -1157. What is the remainder when r is divided by 8?
6
Calculate the remainder when ((-6 - -3) + -6)/(24/(-272)) is divided by 27.
21
Let v(y) = y**2 - 8*y - 140. Let c = 27 + 3. Suppose -2*k + c + 18 = 0. What is the remainder when k is divided by v(-9)?
11
What is the remainder when 6 - (3326/8)/(6/(-24)) is divided by 88?
85
Let k(s) = 4*s - 25. Let q(r) = -17*r. Let g be q(2). Let z = -14 - g. Calculate the remainder when z is divided by k(8).
6
Suppose -2*w + 0*w + 16 = 0. Let p be 6/4 - 52/w. Let i = 7 + p. Calculate the remainder when 3 is divided by i.
1
Suppose 59 = -4*g + 35. Calculate the remainder when 128 is divided by 4/g + 262*3/18.
42
Let a(o) = o**3 + o**2 + 3. Let b = -47 - -82. Calculate the remainder when a(3) is divided by 1/5 + 693/b.
19
Suppose g - 2*z - 95 = 0, -9*g - 2*z = -13*g + 398. Calculate the remainder when g is divided by 89.
12
Let d(o) = -o**3 - o**2 + 1. Let v(x) = -5*x**3 + 7*x**2 - 9*x + 16. Let h(y) = 6*d(y) - v(y). What is the remainder when h(-14) is divided by 21?
18
Let w = 0 + -8. What is the remainder when 5 + (-5)/3*-3 is divided by ((-3)/(-4))/((-2)/w)?
1
Suppose -16 = -h - 4*t, 0*h - 29 = -5*h - 3*t. Let y(i) = 2*i**3 - 7*i**2 + 6*i - 2. What is the remainder when y(h) is divided by (-20)/(-2) - -3*(0 + 1)?
12
Let t = 19 + -16. Suppose 6 = 3*f + t. Calculate the remainder when 15 is divided by (f - -2)/1 + 3.
3
Let v be -2*3/9*(-36)/8. Let n(o) = 11*o. Calculate the remainder when 98 is divided by n(v).
32
What is the remainder when (-3424)/(16/(-2)) + 6 is divided by 87?
86
Suppose 17*t + 371 = 1425. Calculate the remainder when 245 is divided by t.
59
Suppose 5*c + s = 10, -6 = -c + 4*s - 5*s. Suppose y + 3 = -0.